mber?
False
Let t be (-43)/5 + 4/(-10). Let j(b) = b**3 + 12*b**2 + 11*b + 5. Is j(t) a prime number?
True
Let r = 482 - 321. Is r a composite number?
True
Let i be (-26)/(-3)*(-12)/(-8). Let q(g) = g - 13. Let a be q(i). Is (7 - -106)*(a + 1) prime?
True
Suppose 4*l = 3*v + 2 + 2, 2*v = 3*l - 4. Let r(w) = 9*w + v + 0*w - 3. Is r(1) composite?
True
Let i = 4 - 0. Suppose 0 = m + 3*b - 62, 170 + 126 = 4*m - i*b. Is m a composite number?
False
Let b be 5 - (3 + 1 - 3). Let k(j) = j**3 + 4*j**2 - 4*j - 1. Is k(b) a prime number?
False
Let m be 179 - (4/4 - 3). Suppose -5*j + 210 = -4*a + 770, -5*j - 5*a = 605. Let b = m + j. Is b a composite number?
True
Let w(l) = -71*l + 5. Let s(h) = -14*h + 1. Let t(f) = -11*s(f) + 2*w(f). Let r be t(1). Suppose r*c - 6*c = 175. Is c composite?
True
Let i = -2 - -7. Suppose 1 = i*p - 9. Suppose 4*t = p*u + u - 119, -u = t - 35. Is u composite?
False
Suppose -5*s + 3*o = -698, 3*o - 41 - 95 = -s. Is s a composite number?
False
Let p = 60 + 62. Is p composite?
True
Suppose -2*w = 3*y - 121, -5*w + 3*y + 332 = 82. Suppose w + 106 = 3*m. Is m a composite number?
False
Let p(j) = -3*j + 1. Is p(-12) a composite number?
False
Let w(j) = 2*j - 12. Let b be w(10). Suppose -b*g = -3*g - 665. Is g a prime number?
False
Suppose v - 6*v - q = -1739, 2*v - 2*q - 686 = 0. Is v a prime number?
True
Suppose 0 = 16*b - 15*b - 1151. Is b a composite number?
False
Is 6 + -3 + 6*23 a composite number?
True
Suppose k - 4*i - 10 = -k, 0 = 3*k + 3*i - 6. Suppose -k*o = -l + 380, 7*l - 1883 = 2*l - 2*o. Is l composite?
True
Let g = 0 + -2. Let s = g + 2. Is (6/(s + -2))/(-1) a prime number?
True
Suppose 0 = f + 5 - 3, 4*j = 4*f + 2124. Is j composite?
True
Let i(m) be the third derivative of m**4/24 + m**3/6 + 2*m**2. Let z(v) = -9*v**3 + 2*v**2 + 2*v + 1. Let s(q) = -2*i(q) + z(q). Is s(-2) a composite number?
False
Let w(d) = 2784*d - 7. Is w(1) a prime number?
True
Suppose 4*o - 48 = -3*c, -5*c - 35 = -3*o + 30. Is o a prime number?
False
Suppose 0 = -2*r - 475 + 3321. Is r a composite number?
False
Let c(b) = 3*b + 4. Let r(s) = -10*s - 12. Let i(h) = 17*c(h) + 6*r(h). Let l be i(-6). Suppose 0 = q + 4*q - l. Is q composite?
True
Let o(d) = d**3 + 10*d**2 - 7*d + 12. Let f be o(-10). Let k = f + -47. Is k composite?
True
Let a be 4/(-8) - 359/2. Let d = a - -667. Is d prime?
True
Is 14/70 - (-548)/10 a composite number?
True
Let d(p) = p**3 - 6*p**2 + 7*p - 5. Is d(6) prime?
True
Let m = 4 + 1. Suppose m = f + 1. Is f a composite number?
True
Let u = 20 + 16. Let v be (0 - (0 - -1))*u. Let m = v + 71. Is m prime?
False
Let r(u) = -u + 4 + u**2 - 2 + 0. Let x be r(4). Is (x/8)/(4/16) composite?
False
Suppose 0 = 4*d - 4*u - 4736, -5*u + 22 + 3 = 0. Is d prime?
False
Let z(t) be the first derivative of -3*t**5/20 - 5*t**4/24 - t**3/3 - 1. Let i(q) be the third derivative of z(q). Is i(-4) composite?
False
Let y(p) = -31*p**3 - p**2 - 2*p - 1. Let c(l) = l**3 + 10*l**2 + 8*l - 10. Let i be c(-9). Is y(i) a composite number?
False
Let m(r) be the third derivative of r**5/60 - r**4/12 - 5*r**3/6 - r**2. Let l be m(4). Suppose 5*i + l = d + 13, 3*d = -2*i + 21. Is i a prime number?
True
Let r = -26 + 252. Let g = r + -99. Is g prime?
True
Let x = 285 - -96. Is x a prime number?
False
Let o(s) = 8*s**3 - 6*s**2 - 2*s - 1. Is o(5) prime?
True
Is 4/8 - 4164/(-8) prime?
True
Is (-2)/(((-11)/33)/(3821/6)) a composite number?
False
Let m = -944 + 2087. Suppose m = -s + 4*s. Is s composite?
True
Suppose 2*j - 3*h - 1915 = 0, -j + h + 970 = -3*h. Suppose -5*t = -5*k + j + 2130, 2*t - 3073 = -5*k. Let f = k - 404. Is f prime?
True
Let y(i) = -i**3 - 11*i**2 - 15*i - 8. Is y(-11) composite?
False
Let q be -1 + (9*-38)/(-3). Suppose 2*a - 2*t + q = 325, 4*t = 0. Is a composite?
True
Let i(g) = 2*g**2 + g - 2. Let f be i(2). Suppose -x = 3*x - f. Suppose 2*u - 115 = -u + 4*l, -x*l = -u + 39. Is u a composite number?
False
Suppose 0 = 5*z - 5*f - 302 + 27, 5*f = 3*z - 169. Is z a composite number?
False
Let p = 7 + -5. Suppose p*i + 3*i - 1425 = 5*g, 3*g = i - 849. Is (-1)/3 - g/9 prime?
True
Let g be 3*(-2)/(-9)*6. Let s be (-2)/9 + g/18. Is 31 + (-1 - -1 - s) composite?
False
Let p(t) = -t + 6. Let q be p(4). Suppose x - 2*x = -q. Suppose x*o + 78 = 5*o. Is o a composite number?
True
Let m be (-3)/(-3) + -1 + 3. Suppose m*j + 2*x - 5*x = 75, 59 = 3*j + x. Is j a composite number?
True
Let y(r) be the second derivative of -3*r + 29/3*r**4 - 1/2*r**2 + 0*r**3 + 0. Is y(-1) prime?
False
Let z(y) = 40*y - 5. Is z(10) a prime number?
False
Let h = 24 + -350. Is 15/(-10)*h/3 composite?
False
Let o = 1 + 2. Suppose -211 = -k + o*p, 5*k + p = -4*p + 1135. Is k composite?
False
Let o be (-75)/4*16/6. Let c = o + 72. Let t = c + 1. Is t a composite number?
False
Let a(s) be the third derivative of s**5/15 - 5*s**4/24 - 5*s**3/6 - s**2. Is a(-4) prime?
True
Is (0 - -316) + (-3 - -4) a prime number?
True
Is 2/(-8) + (-793)/(-52) a composite number?
True
Let b = -30 - -5. Is -2 - 2/2*b prime?
True
Let p be (-2 - -2) + -2*1. Suppose -4 = 2*g + 2*j, 2 = -2*g - 0*j - 3*j. Is (209/g + p)*-4 a prime number?
False
Suppose 2*g = 183 - 7. Let l = g + -60. Let z = l - 13. Is z a prime number?
False
Is 51/7 - (-6)/(-21) a prime number?
True
Let g = 2 + 2. Suppose -4*v - 17 = -5*t, t - 1 = 4*v - g. Suppose r = v*r - 7. Is r prime?
True
Let o(h) = 15*h + 9. Let q be o(10). Suppose q = 5*y - 136. Is y composite?
False
Suppose -8*k + 4836 + 836 = 0. Is k a composite number?
False
Suppose -4*q = 4*b - 292, 0*q = 3*q - 5*b - 235. Suppose 2*y = x + 55, 0*x = -3*y + 3*x + q. Suppose -2*f + 4*k + y = -10, -23 = -f - k. Is f a prime number?
False
Let d be -3*(-6)/(-3) - 0. Let r = 1 + d. Let m(b) = -b**3 - 4*b**2 - 6*b - 2. Is m(r) a prime number?
True
Let b(l) = -7*l**3 + 9*l**2 - 4*l - 10. Let w(n) = -n**3 - n. Let z(d) = b(d) - 6*w(d). Let i be z(9). Let p(f) = 17*f - 9. Is p(i) prime?
True
Suppose -4*y + 0*n + 644 = 3*n, 3*y = -2*n + 483. Is y a prime number?
False
Let r = 321 - 200. Is r a composite number?
True
Suppose -4*b + 24 = -7*b. Let w = 14 + b. Suppose 0 = 2*v + x - 43, -2*v = -w*x + 4*x - 28. Is v a composite number?
False
Suppose 0 = -r + 125 - 2. Is r a prime number?
False
Let q = 21 - 14. Let d(u) be the second derivative of u**4/12 - 5*u**3/6 + 5*u**2/2 + 2*u. Is d(q) composite?
False
Let b = 20 - 38. Let z = 46 - b. Suppose 5*i + z = 249. Is i a prime number?
True
Suppose 7*l - 10*l + 129 = 0. Let v = l + -5. Is v a prime number?
False
Suppose -5*x - 2*i + 7*i = -1055, 2*i - 8 = 0. Is x a composite number?
True
Let y(k) = -k**2 + 9*k - 15. Let b be y(7). Suppose v + 4*v = 5*p + 730, 2*v + 608 = -4*p. Is (p/b)/2 - -2 a composite number?
True
Let r = -96 - -290. Is r a composite number?
True
Suppose 0*d = -2*d. Suppose d*b + 295 = 5*b. Is b composite?
False
Suppose 5*u + 0*u - 10 = 0, 4*g + u = 2590. Is g prime?
True
Let p(g) = -42*g**3 - g**2 - 2. Is p(-3) a composite number?
False
Let n be ((-2)/3)/(2/(-168)). Is -3 + n/(-1 - -3) a prime number?
False
Suppose -13 = -5*s - 3. Suppose 2*b = -s*d + 10, -2*b + 1 + 3 = 0. Is (d - 2) + (37 - 3) composite?
True
Suppose -2*r + 21 = 4*t - 11, t - 5*r = 30. Suppose 0 = 3*d - 8 - t. Is d a prime number?
False
Suppose -2*q + 0*q = -838. Is q composite?
False
Is (-24)/(-32) + 325/4 composite?
True
Suppose 3*p - 2669 = -c, -5*c + 3566 = 9*p - 5*p. Is p a prime number?
False
Suppose 4*v + 3*p + 2*p = -25, -4*p - 20 = 5*v. Suppose -2*m + 4*o + 98 = v, m + 2*o = -3*m + 226. Is m composite?
True
Suppose 4*a = -4*y + 362 + 38, 3*y = 5*a + 284. Let n = 144 - y. Let g = n - -3. Is g a composite number?
True
Let z(y) = -y**3 + 8*y**2 + 7*y + 5. Let h(k) = -k**2 + 13*k - 15. Let c be h(11). Is z(c) a composite number?
False
Suppose 5*k - 60 = -0*k. Suppose k*p - 9*p - 27 = 0. Is p a prime number?
False
Let y(m) = m**3 + 10*m**2 + 6*m - 7. Is y(8) a composite number?
False
Let r be -5 + 3/(-4 + 1). Let j be (r/(-9))/(1/6). Suppose -j*s + 56 = 16. Is s a prime number?
False
Suppose 0 = o - 3*q + 14, 0*o - 4*o - 5*q = -29. Is (o - 39)*(-4)/8 composite?
False
Suppose -5*w + 12 = -3*l + 2*l, -4*l = -2*w - 6. Suppose -l*x = -4*x + 21. Is x composite?
True
Let z(o) = -3 - 2*o**2 + 1 - 6*o - 3*o**2 - o**3 + o**2. Is z(-5) prime?
Tru